e the remainder when 1198 is divided by 8.
6
What is the remainder when 462 is divided by 93?
90
Calculate the remainder when 10506 is divided by 31.
28
What is the remainder when 104 is divided by 7?
6
What is the remainder when 1068 is divided by 22?
12
What is the remainder when 138 is divided by 59?
20
Calculate the remainder when 385 is divided by 39.
34
Calculate the remainder when 68 is divided by 53.
15
What is the remainder when 2043 is divided by 31?
28
What is the remainder when 277 is divided by 70?
67
Calculate the remainder when 288 is divided by 49.
43
Calculate the remainder when 1176 is divided by 59.
55
What is the remainder when 454 is divided by 25?
4
What is the remainder when 104 is divided by 45?
14
Calculate the remainder when 3280 is divided by 1089.
13
Calculate the remainder when 83 is divided by 13.
5
Calculate the remainder when 9331 is divided by 61.
59
Calculate the remainder when 49 is divided by 16.
1
What is the remainder when 1577 is divided by 79?
76
Calculate the remainder when 233 is divided by 78.
77
Calculate the remainder when 23487 is divided by 367.
366
Calculate the remainder when 8254 is divided by 192.
190
What is the remainder when 6873 is divided by 16?
9
What is the remainder when 425 is divided by 134?
23
Calculate the remainder when 4987 is divided by 9.
1
What is the remainder when 616 is divided by 103?
101
What is the remainder when 24904 is divided by 85?
84
Calculate the remainder when 92 is divided by 51.
41
What is the remainder when 2365 is divided by 14?
13
Calculate the remainder when 1516 is divided by 260.
216
What is the remainder when 325 is divided by 38?
21
Calculate the remainder when 778 is divided by 20.
18
What is the remainder when 835 is divided by 114?
37
What is the remainder when 3227 is divided by 19?
16
What is the remainder when 536 is divided by 10?
6
Calculate the remainder when 18 is divided by 8.
2
Calculate the remainder when 232 is divided by 30.
22
What is the remainder when 343 is divided by 77?
35
What is the remainder when 1001 is divided by 238?
49
What is the remainder when 133 is divided by 21?
7
What is the remainder when 539 is divided by 5?
4
Calculate the remainder when 7530 is divided by 342.
6
Calculate the remainder when 1525 is divided by 153.
148
Calculate the remainder when 717 is divided by 20.
17
What is the remainder when 620 is divided by 24?
20
What is the remainder when 322 is divided by 43?
21
Calculate the remainder when 339 is divided by 66.
9
What is the remainder when 785 is divided by 114?
101
What is the remainder when 2395 is divided by 25?
20
What is the remainder when 47 is divided by 34?
13
What is the remainder when 183 is divided by 41?
19
What is the remainder when 39 is divided by 8?
7
What is the remainder when 1778 is divided by 16?
2
Calculate the remainder when 29479 is divided by 55.
54
Calculate the remainder when 63 is divided by 52.
11
What is the remainder when 177 is divided by 120?
57
What is the remainder when 361 is divided by 63?
46
Calculate the remainder when 1090 is divided by 122.
114
What is the remainder when 86 is divided by 71?
15
Calculate the remainder when 770 is divided by 132.
110
What is the remainder when 873 is divided by 147?
138
What is the remainder when 151 is divided by 76?
75
Calculate the remainder when 1096 is divided by 184.
176
Calculate the remainder when 72 is divided by 62.
10
What is the remainder when 27 is divided by 11?
5
What is the remainder when 147 is divided by 15?
12
Calculate the remainder when 541 is divided by 116.
77
Calculate the remainder when 222 is divided by 57.
51
Calculate the remainder when 148 is divided by 59.
30
What is the remainder when 170 is divided by 3?
2
What is the remainder when 918 is divided by 74?
30
What is the remainder when 90 is divided by 25?
15
What is the remainder when 1176 is divided by 169?
162
Calculate the remainder when 551 is divided by 12.
11
What is the remainder when 2350 is divided by 14?
12
What is the remainder when 219 is divided by 17?
15
Calculate the remainder when 97 is divided by 50.
47
Calculate the remainder when 3798 is divided by 29.
28
Calculate the remainder when 31956 is divided by 136.
132
What is the remainder when 211 is divided by 18?
13
What is the remainder when 318 is divided by 91?
45
What is the remainder when 350 is divided by 183?
167
Calculate the remainder when 1276 is divided by 71.
69
What is the remainder when 749 is divided by 16?
13
Calculate the remainder when 2079 is divided by 80.
79
What is the remainder when 86 is divided by 27?
5
What is the remainder when 255 is divided by 19?
8
What is the remainder when 1482 is divided by 93?
87
What is the remainder when 10580 is divided by 108?
104
What is the remainder when 121 is divided by 38?
7
Calculate the remainder when 524 is divided by 102.
14
Calculate the remainder when 140 is divided by 17.
4
Calculate the remainder when 1294 is divided by 146.
126
What is the remainder when 47 is divided by 37?
10
What is the remainder when 48 is divided by 16?
0
Calculate the remainder when 1444 is divided by 63.
58
Calculate the remainder when 172 is divided by 44.
40
Calculate the remainder when 868 is divided by 122.
14
Calculate the remainder when 1936 is divided by 47.
9
Calculate the remainder when 36 is divided by 8.
4
Calculate the remainder when 289 is divided by 21.
16
What is the remainder when 643 is divided by 52?
19
What is the remainder when 2556 is divided by 14?
8
What is the remainder when 194 is divided by 60?
14
What is the remainder when 36 is divided by 14?
8
What is the remainder when 78 is divided by 14?
8
What is the remainder when 3637 is divided by 35?
32
Calculate the remainder when 535 is divided by 18.
13
Calculate the remainder when 35442 is divided by 23.
22
What is the remainder when 101 is divided by 3?
2
What is the remainder when 291 is divided by 25?
16
Calculate the remainder when 351 is divided by 44.
43
What is the remainder when 237 is divided by 75?
12
What is the remainder when 2629 is divided by 785?
274
Calculate the remainder when 859 is divided by 251.
106
What is the remainder when 3629 is divided by 15?
14
What is the remainder when 467 is divided by 36?
35
What is the remainder when 1146 is divided by 371?
33
What is the remainder when 4061 is divided by 21?
8
What is the remainder when 3203 is divided by 18?
17
Calculate the remainder when 44 is divided by 5.
4
What is the remainder when 1243 is divided by 9?
1
Calculate the remainder when 153 is divided by 51.
0
What is the remainder when 608 is divided by 200?
8
What is the remainder when 4397 is divided by 88?
85
Calculate the remainder when 82 is divided by 11.
5
Calculate the remainder when 176 is divided by 23.
15
Calculate the remainder when 132 is divided by 80.
52
Calculate the remainder when 1158 is divided by 83.
79
What is the remainder when 237 is divided by 24?
21
Calculate the remainder when 5681 is divided by 90.
11
What is the remainder when 133 is divided by 67?
66
What is the remainder when 79 is divided by 20?
19
Calculate the remainder when 209 is divided by 27.
20
Calculate the remainder when 102 is divided by 58.
44
What is the remainder when 1233 is divided by 103?
100
Calculate the remainder when 199 is divided by 50.
49
Calculate the remainder when 211 is divided by 60.
31
What is the remainder when 534 is divided by 90?
84
What is the remainder when 2710 is divided by 446?
34
What is the remainder when 162 is divided by 78?
6
Calculate the remainder when 34 is divided by 4.
2
Calculate the remainder when 1538 is divided by 5.
3
Calculate the remainder when 648 is divided by 65.
63
What is the remainder when 479 is divided by 4?
3
Calculate the remainder when 800 is divided by 329.
142
Calculate the remainder when 640 is divided by 6.
4
What is the remainder when 1439 is divided by 37?
33
Calculate the remainder when 1599 is divided by 10.
9
What is the remainder when 478 is divided by 96?
94
Calculate the remainder when 827 is divided by 104.
99
Calculate the remainder when 649 is divided by 132.
121
Calculate the remainder when 157 is divided by 20.
17
Calculate the remainder when 318 is divided by 14.
10
What is the rem